 + 9385*p + 28301. Calculate f(-3).
-7
Let d(z) = -z**2 + 75373*z - 979683. Give d(13).
-3
Let h(z) = -157947*z - 1263635. What is h(-8)?
-59
Let h(n) = 1179*n + 5885. Determine h(-6).
-1189
Let u(y) = y**3 + 2*y**2 - 3384*y - 6759. What is u(-2)?
9
Let k(z) = z**3 - 16*z**2 + 63*z + 10. Determine k(0).
10
Let g(v) = -6*v**3 - 16*v**2 - 244*v - 2010. Calculate g(-8).
1990
Let k(x) = 4*x**2 - 192*x - 152. Calculate k(35).
-1972
Let d(t) = -2887*t - 43238. Calculate d(-15).
67
Let j(z) = -z**3 - 54*z**2 - 601*z - 22853. Determine j(-51).
-5
Let b(t) = 105*t - 130. Give b(-7).
-865
Let p(w) = -46934*w + 328533. Determine p(7).
-5
Let p(b) = b**3 - 269*b**2 + 535*b - 69. Calculate p(267).
198
Let u(o) = 59*o - 7578. Determine u(139).
623
Let w(o) = -o**2 + 726*o - 95581. Calculate w(554).
-293
Let v(c) = 3281*c - 17727. Give v(6).
1959
Let k(r) = -827*r + 9788. Determine k(12).
-136
Let y(q) = 7*q**3 + 96*q**2 - 27*q - 128. What is y(-14)?
-142
Let q(f) = -41781*f - 292335. Calculate q(-7).
132
Let m(k) = 83*k**3 + 6889*k**2 + k + 44. Calculate m(-83).
-39
Let k(g) = -g**3 + 403*g**2 + 3168*g - 963. Calculate k(-8).
-3
Let x(f) = -3*f**3 - 174*f**2 + 763*f + 1153. Give x(-62).
-25
Let p(n) = n**3 - 103*n**2 + 4835*n - 598304. Calculate p(109).
-3
Let u(o) = -4*o**2 - 7540*o + 628796. Calculate u(80).
-4
Let v(r) = -r**3 + 87*r**2 + 18*r - 1394. Determine v(87).
172
Let v(c) = -32*c**2 + 2081*c + 218. Calculate v(65).
283
Let h(o) = 1160*o - 178691. Give h(154).
-51
Let g(x) = 19*x**2 - 272*x + 411. Calculate g(12).
-117
Let z(c) = -8212*c - 2751011. Calculate z(-335).
9
Let z(g) = g**3 + 10*g**2 + 227*g + 2843. What is z(-11)?
225
Let v(j) = -118168*j + 18079706. Calculate v(153).
2
Let c(m) = -4*m**3 - 102*m**2 + 40*m - 626. Give c(-27).
2668
Let p(s) = 617*s - 67277. Give p(109).
-24
Let u(f) = -1269*f**3 + 2*f**2 - 30*f + 29. Calculate u(1).
-1268
Let x(y) = -y**3 + 121*y**2 + 122*y - 303. Determine x(122).
-303
Let j(l) = -134*l + 4638. Calculate j(25).
1288
Let a(u) = -244*u**3 - 2*u**2 - 37*u + 78. Calculate a(2).
-1956
Let c(i) = 818*i - 6147. What is c(7)?
-421
Let p(m) = 4*m - 324. Give p(14).
-268
Let j(g) = -16464*g - 8. Calculate j(0).
-8
Let q(f) = -124*f**2 - 48497*f - 5196. Determine q(-391).
-113
Let a(w) = -2583172*w - 7749525. Give a(-3).
-9
Let g(i) = 38*i**2 - 1481*i - 3078. Give g(41).
79
Let p(c) = -2319*c + 11590. Calculate p(5).
-5
Let c(k) = 5*k**3 - 781*k**2 + 13141*k + 1499. Calculate c(137).
-8
Let k(a) = a**2 + 271*a + 2608. Calculate k(-10).
-2
Let o(g) = 225007*g - 27000842. Calculate o(120).
-2
Let k(f) = f**3 - 40*f**2 + 351*f - 2. Determine k(12).
178
Let b(d) = -2*d**2 - 900*d - 8783. Give b(-10).
17
Let q(h) = -174840*h + 3496815. Calculate q(20).
15
Let u(c) = c**2 - 34352*c + 4823749. Determine u(141).
-2
Let p(j) = j**3 - 67*j**2 + 208*j + 231. Calculate p(4).
55
Let t(r) = -38*r**2 - 136*r + 17. What is t(-4)?
-47
Let t(a) = 1395*a - 9784. What is t(7)?
-19
Let k(i) = i**3 + 5*i**2 - 671*i - 761. Give k(-28).
-5
Let y(t) = 11*t**2 + 280*t - 2393. What is y(8)?
551
Let r(k) = -787*k - 5471. Give r(-11).
3186
Let z(r) = -22*r**3 + 3*r**2 + 23*r + 4. What is z(-3)?
556
Let f(b) = 194*b**2 + 96419*b + 572. Determine f(-497).
75
Let a(b) = 24*b**3 - 105*b**2 + 435*b + 222. Give a(5).
2772
Let w(u) = -4*u**3 - 32*u**2 + 135*u - 27. Give w(4).
-255
Let o(j) = 16*j**2 - 14*j + 56. Give o(4).
256
Let u(k) = 627*k - 2205. What is u(5)?
930
Let k(y) = 227*y - 22469. What is k(99)?
4
Let f(u) = u**2 - 235*u + 5318. Calculate f(211).
254
Let z(y) = y**3 - 26*y**2 + 78*y + 146. Give z(24).
866
Let f(r) = -513*r**2 - 62233*r - 19357. Calculate f(-121).
3
Let o(u) = 197014*u - 394033. Calculate o(2).
-5
Let j(l) = -11*l**2 - 281*l - 4079. Calculate j(-17).
-2481
Let y(f) = -121288*f + 1091575. Calculate y(9).
-17
Let w(b) = 51*b**2 + 52*b + 224. Determine w(-4).
832
Let v(t) = 4*t**3 - 924*t**2 + 7117*t - 1644014. Calculate v(231).
13
Let d(a) = -2*a**3 - 1130*a**2 + 844*a - 162994. Calculate d(-566).
14
Let q(h) = -h**3 - 545*h**2 - 1241*h + 208674. What is q(-542)?
4
Let r(q) = 3*q**2 - 2244*q + 319131. What is r(191)?
-30
Let u(a) = 2324*a - 137342. Give u(59).
-226
Let g(v) = v**2 - 14*v - 23. What is g(9)?
-68
Let y(x) = -x**2 - 394*x - 9217. Calculate y(-24).
-337
Let r(m) = m**3 - 19*m**2 + 1278*m - 33542. Give r(24).
10
Let j(a) = -a**3 + 60*a**2 + 2252*a + 389. What is j(-26)?
-27
Let b(c) = c**3 + 204*c**2 + 7698*c - 260. Determine b(-154).
48
Let o(d) = 2*d**2 + 543*d + 19118. What is o(-42)?
-160
Let k(i) = 138*i**2 - 5801*i + 195. What is k(42)?
-15
Let z(f) = -5*f**3 + 3*f**2 + 1486*f - 7397. Determine z(5).
-517
Let w(r) = -8882*r**2 + 115440*r + 336. Give w(13).
-2
Let t(j) = j**3 + 73*j**2 + 7089*j + 517493. Calculate t(-73).
-4
Let b(g) = 3*g**2 + 6635*g - 174617. What is b(26)?
-79
Let w(c) = -24*c**3 + 248*c**2 + 80*c - 1597. Determine w(10).
3
Let n(q) = -9*q**2 - 671*q - 2744. Give n(-4).
-204
Let d(q) = -67*q - 6273. What is d(-84)?
-645
Let k(h) = -3*h**3 + 97*h**2 + 492*h - 16869. What is k(32)?
-101
Let b(q) = -5*q**3 + 6*q**2 - 2*q. Give b(2).
-20
Let q(f) = 441*f**2 + 203*f + 202. Give q(-1).
440
Let t(m) = -5*m**3 - 13*m**2 + 214*m + 6. Calculate t(-9).
672
Let l(q) = 152*q**2 + 1544*q + 226. Determine l(-10).
-14
Let f(y) = 5*y**3 + 7*y**2 - 79*y + 181. What is f(0)?
181
Let j(k) = 3*k**2 + 5525*k + 82133. Give j(-15).
-67
Let x(c) = c**3 - 21*c**2 - 701*c - 2809. Calculate x(-5).
46
Let m(i) = -i**2 + 6227*i + 56119. Calculate m(-9).
-5
Let o(g) = 6917*g - 138335. Determine o(20).
5
Let o(t) = -23844*t + 882572. Calculate o(37).
344
Let m(q) = -q**3 + 73*q**2 - 188*q + 3254. Determine m(71).
-12
Let l(b) = -10*b**3 - 6*b**2 - 3*b + 2. Determine l(4).
-746
Let t(w) = -3*w**2 + 1313*w + 1764. Calculate t(439).
8
Let c(u) = 501*u - 7306. What is c(13)?
-793
Let s(h) = 43*h**2 + 76*h - 73. What is s(-2)?
-53
Let s(k) = 7*k**3 + 11*k**2 - 187*k. What is s(-6)?
6
Let v(s) = -10*s**2 + 1511*s + 17665. What is v(162)?
7
Let m(b) = -24*b**3 - 172*b**2 - 274*b - 1717. Calculate m(-7).
5
Let p(w) = w**2 + 5000*w - 70173. Calculate p(14).
23
Let z(b) = -476*b**2 - 219*b + 28. Give z(-1).
-229
Let z(g) = -g**3 + 35*g**2 - 214*g + 497. Calculate z(28).
-7
Let j(v) = -v**3 + 370*v**2 + 763*v - 6978. What is j(372)?
90
Let x(z) = z**3 + 43*z**2 - 238*z - 15402. Give x(-39).
-36
Let p(u) = -u**2 + 64641*u - 1357025. What is p(21)?
-5
Let h(l) = -3678*l + 11116. Give h(3).
82
Let x(s) = -s**3 - 34*s**2 - 86*s + 3476. Calculate x(-25).
1
Let k(u) = -u**3 - 62*u**2 - 320*u + 1274. What is k(-56)?
378
Let c(u) = 11794*u - 106038. Give c(9).
108
Let b(o) = -o**3 + 98*o**2 + 6904*o - 685743. What is b(89)?
2
Let r(g) = -7305*g + 2074608. What is r(284)?
-12
Let k(o) = -o**3 - 21*o**2 - 349*o - 6738. Calculate k(-20).
-158
Let k(x) = x**3 - 142*x**2 + 261*x + 2665. Give k(140).
5
Let h(r) = 7*r**2 + 1700*r + 35211. Give h(-220).
11
Let u(i) = -17*i**2 + 376*i - 1910. Calculate u(14).
22
Let f(g) = 7051*g**2 - 105762*g - 77. Calculate f(15).
-32
Let j(z) = -1106*z - 28638. Give j(-26).
118
Let f(h) = 34*h**3 - 656*h**2 + 177*h + 247. Give f(19).
0
Let g(r) = -2*r**2 + 8682*r + 879120. Give g(-99).
0
Let g(v) = 10*v**2 - 5*v - 209. Give g(8).
391
Let m(o) = -o**2 - 36*o + 4796. What is m(-98)?
-1280
Let q(w) = -3*w**3 - 14*w**2 + 10482*w + 20995. What is q(-2)?
-1
Let p(g) = 2*g**3 - 31*g**2 + 160*g + 95. What is p(10)?
595
Let f(r) = -4*r**3 + 49*r**2 - 26*r - 111. Give f(-5).
1744
Let h(m) = -3334*m + 876826. Give h(263).
-16
Let g(m) = -92*m - 11564. What is g(-130)?
396
Let j(h) = h**2 + 1202*h + 17778. Determine j(-14).
1146
Let u(k) = k**3 - 94*k**2 + 596*k + 98. Give u(7).
7
Let p(t) = t**3 + 95*t**2 + 618*t + 30. Calculate p(-7).
16
Let o(a) = -120*a + 2612. Determine o(17).
572
Let h(x) = -2*x**3 + 464*x**2 - 2713*x - 9. Calculate h(6).
-15
Let v(i) = 149*i + 2133. Give v(-12).
345
Let o(s) = -98419*s + 1377871. Calculate o(14).
5
Let o(i) = 1493266*i - 10452895. Calculate o(7).
-33
Let a(r) = 3101*r - 33868. Determine a(11).
243
Let t(n) = -1946*n - 1428365. What is t(-734)?
-1
Let z(n) = 2*n**3 + 57*n**2 + n + 360. What is z(-28)?
1116
Let c(h) = 10691*h + 2918658. Calculate c(-273).
15
Let x(m) = 21*m*